se 4*n - 8 = -l, w = n - 5*l + 3 + 16. Determine x(n).
-6
Suppose 102 = -8*t + 25*t. Let p(i) be the second derivative of -i**5/20 + i**4/2 + 5*i**2/2 - 7*i. What is p(t)?
5
Let x be 3 + -2 - (7 + -4)*-3. Let w(m) = -5*m + 16. Give w(x).
-34
Suppose -2*t - 5*q = -5, 14 = -4*t + 6*t + 2*q. Let s(a) = 2 - 43*a + t + 49*a. What is s(-9)?
-42
Suppose -25*w = -3286 - 1714. Let y = 207 - w. Let v(q) = -q**3 + 8*q**2 - 5*q - 9. Calculate v(y).
5
Let i(s) = s**3 + 4*s**2 - 4*s - 2. Let d be 20 + ((-28)/(-35))/(4/(-10)). Suppose -j = 16 - d. Let c be j/(-1)*(-51)/(-34). Give i(c).
19
Let o(j) be the third derivative of j**6/60 + j**5/60 - j**4/24 + j**3/3 + 72*j**2 + j. Suppose 1 = -2*u + 3*k, 4*u - 2*k - 11 = -17. What is o(u)?
-8
Let p(j) = 37*j - 36*j + j**2 + 203 - 203. Suppose 3*h = -16 - 2. Determine p(h).
30
Let a be (0 - 1)*-5 - -2. Let s(j) = -2*j**2 + 23*j + 20. Let i = -135 + 146. Let o(w) = w**2 - 12*w - 10. Let g(q) = i*o(q) + 6*s(q). What is g(a)?
3
Let y(t) = 29*t + 59. Let h be (6 - 644/98)*(-3 + (-26)/(-4)). What is y(h)?
1
Let g(b) = -2*b + 2. Let c(v) = 5*v - 3. Let o(l) = 6*c(l) + 13*g(l). What is o(-4)?
-8
Let x(c) = 2*c**2 + 2*c - 4. Let h(a) = -a**3 - 6*a**2 + 16*a + 9. Let n be h(-8). Let j be (-9)/((-27)/(-8)) + (-3)/n. Calculate x(j).
8
Let k(s) = -6*s - 3*s**3 - 10788 - s**2 + 2*s + 10784. Calculate k(-1).
2
Let s(a) = -2*a**2 + 3*a + 4. Let z be s(-2). Let i be 5/z*-8 + -1. Let g(l) = 3*l**3 - 3*l**3 - l + 6*l**i + 9*l**3. Give g(1).
14
Let p(l) = -l**2 - l - 1. Suppose 0 = -5*c + 3*x + 120, 3*c - x = x + 71. Let v = c - 28. Determine p(v).
-1
Let b(j) = -8*j**2 - 4*j. Let x(c) = 4*c**2 + 2*c. Let f(l) = -l**2 - 5*l - 6. Let w be f(0). Let m = 22 + -33. Let u(s) = m*x(s) + w*b(s). Calculate u(-2).
12
Let p(u) = u**2 - 3*u - 5. Let m = 70 - 50. Suppose -14*f = 36 + m. What is p(f)?
23
Let v(a) = -5*a**2 - 2*a + 1. Let f be v(1). Let k(t) = -7*t + 2. Let n(i) = -5*i. Let h(j) = 4*k(j) - 6*n(j). Give h(f).
-4
Suppose -i - 5*p = 51, 43 = -4*i - 5*p - 41. Let w(r) = 3*r**2 + 37*r + 43. Give w(i).
-1
Let m(c) = -c**2 - 2*c - 1. Let w(t) = t**2. Let h(g) = m(g) + 3*w(g). Let u be 1*-4*(-25)/(-2). Let s = -47 - u. Give h(s).
11
Let p(r) = -4*r**3 + 17*r**2 + 3*r - 21. Let i(q) = -33*q**3 + q - 5 - 27*q**3 + 59*q**3 + 4*q**2. Let d(h) = -9*i(h) + 2*p(h). Calculate d(2).
-3
Let b be 8/(-40)*-35*((-50)/7)/5. Let c(a) = -a - 15. Determine c(b).
-5
Let w(x) = -2*x**2 - 11*x - 2. Let f(z) = -z**2 - 6*z - 1. Let i(o) = 7*f(o) - 4*w(o). Let p be 3/18 + 69/18. Suppose -3 = p*g - 11. Calculate i(g).
9
Let d(s) = s**2 + 6*s + 4. Let x = 50 - 48. Let f(p) = -3 - 7 - p - x + 4. Let q be f(-1). Determine d(q).
11
Let w = 10000 - 9997. Let a(g) be the second derivative of 15*g + 0 - w*g**2 - 1/6*g**3. What is a(-5)?
-1
Let z(t) be the second derivative of -3*t**4/4 + t**3 - t**2/2 - 42*t. Give z(1).
-4
Let g(k) = 2*k**3 - 4*k + 1 + 37*k**2 + 24*k**2 - 10*k**3 - 33*k**2. Calculate g(3).
25
Let f(g) = g**2 - g - 1. Suppose 0 = 32*h - 31*h - 38. Let r(x) = -x**3 - 7*x**2 - x - 10. Let u be r(-6). Let s = h + u. What is f(s)?
5
Let u(h) = 8*h + 40. Let s = -21768 - -21761. Determine u(s).
-16
Let u = -83 + 82. Let p(b) be the third derivative of -11*b**5/20 - b**4/12 - b**3/6 + 55*b**2. Give p(u).
-32
Let q(l) be the third derivative of l**5/60 + l**4/6 - 32*l**3/3 - l**2 - 11*l + 95. Determine q(7).
13
Suppose -h - 20 = -4*k, 1136*h - 1139*h = 3*k - 45. Let m(d) be the second derivative of d**3/6 + 3*d**2/2 - d. Calculate m(k).
10
Let x(g) be the third derivative of -5*g**4/8 - 13*g**3/2 - 3576*g**2. Calculate x(0).
-39
Let y(k) = 2*k**2 - 7*k + 12. Suppose -14*b + 120 = 10*b. Let u(h) = -h**2 + 6*h - 10. Let t(i) = b*y(i) + 6*u(i). Let o be (-21)/27 + 4/(-18). Give t(o).
3
Let j = 224 - 222. Let o(n) = -30*n**2 - 20*n**2 - 4 + 49*n**j - 4 + 2*n. Determine o(0).
-8
Let x(s) be the second derivative of s**4/6 + 5*s**3/6 + 7*s**2/2 - 4*s. Determine x(-4).
19
Let p be 3*34/(-6) + (-4235)/(-385). Suppose -4*t + 0*w = 5*w - 33, 3*t = 3*w - 9. Let l(f) = 5*f**t - 2*f + f**3 - 1 - 4*f + 0*f**3. Calculate l(p).
-1
Let d be 68/3 + -1 + (-3)/(-9). Let z(a) = -2*a**2 + 45*a - 21. Let k be z(d). Let y(w) = 25*w**2 + w. What is y(k)?
26
Let l(q) = 114*q - 4102. Let f be l(36). Let r(z) = 3*z - 4 + 1 + 2. Calculate r(f).
5
Let z be -5*((-6)/(-18) - (-6)/(-45)). Let n be ((-18)/(-24))/(z/4). Let k(s) = 2*s**2 + 3*s - 4. Calculate k(n).
5
Let i(w) = -9*w**3 + w**2 + 8*w - 26. Let n(l) = -11*l**3 + 2*l**2 + 9*l - 30. Let a(x) = 7*i(x) - 6*n(x). Give a(2).
6
Let p(u) = 2*u**3 - 3*u**2 + 2*u + 11. Let o be p(0). Suppose -94*b - o = -105*b. Let i(w) = -54*w**2 + w - 1. Give i(b).
-54
Let h(c) = 361*c**2 - 24 + 363*c**2 - 7 - 722*c**2 - 7 - 2*c. Give h(6).
22
Let c(j) be the first derivative of j**4/4 + 2*j**3 - 3*j**2 + 2*j - 1453. Determine c(-5).
57
Let d be 65 - 0/(3 + -4). Let l = d - 63. Let u(i) = -142*i - 4*i**2 - 3 + i**3 + 137*i + 5*i**l. What is u(-3)?
-6
Let j(h) be the third derivative of 0 + 1/3*h**4 + 1/60*h**5 - 3*h**2 + 0*h + 0*h**3. Suppose 301*w - 299*w - 12 = 2*i, -2*w = -3*i - 19. Give j(i).
-7
Let r(y) = 11*y**2 - 21*y - 45. Let m(g) = 9*g**2 - 21*g - 44. Let p(w) = 6*m(w) - 5*r(w). Give p(-19).
-1
Let f = 397 - 385. Let s be -6*(-7)/f*4. Let t(j) = -j**3 + 15*j**2 - 12*j - 9. Calculate t(s).
19
Let p(j) = -36*j**2 - 3*j - 1 + 79*j**2 + 2 - 42*j**2. Let l(d) = -d**2. Let s be l(-2). Let u = s - -5. Calculate p(u).
-1
Let r(u) = 59*u**3 + 2*u - 1. Let g = 1858 + -1857. What is r(g)?
60
Let f(t) = -t**3 + 2*t**2 + 4*t + 4. Let m(h) = 23*h - 93. Let l be m(-5). Let w be (l/12)/(-13) - (-16)/6. Calculate f(w).
-12
Let t(w) = w**2 + 10*w + 16. Let c be t(-8). Suppose 0 = -4*v + 4*g + 32, -g + 13 = 2*v - c*g. Let u(b) = v*b - 6*b - 1 + b. Calculate u(6).
11
Let s(u) be the third derivative of -157*u**2 + 0*u + 1/2*u**3 - 1/60*u**5 - 1/24*u**4 + 0. Calculate s(4).
-17
Suppose -2*o + 40 = 2*s, -3*s + s - 50 = -3*o. Suppose 14*w - o*w = -40. Let v(u) = -u + 6. Calculate v(w).
-4
Let m(k) be the third derivative of k**4/12 - 1380*k**2. Let w(o) = -o + 7. Let v be w(7). Suppose -3 + 8 = 5*q - 3*g, v = -3*q + 5*g + 3. What is m(q)?
2
Let h(r) = r**3 - 3*r**2 + 4*r - 5. Let i be h(2). Let z be (10 + i)/((-9)/(-24)). Let k(t) = z*t - 76*t + 22*t - t**2 + 24*t + 6. Give k(-5).
11
Let t(w) = -20 + 4*w - 18 - 25 + 0*w + 39. Give t(4).
-8
Let u(o) = 1. Let t(k) = -k**3 + 2*k - 7. Let l(f) = t(f) + 4*u(f). Let m = -31 + 35. Suppose -6*b + m*b = -5*w + 21, 0 = 2*w - b - 9. Give l(w).
-24
Let x(g) = -g - 6. Suppose 0 = 4*y - 4 - 20. Suppose 0 = 23*h - y*h + 153. What is x(h)?
3
Let m be -1 - 6*(-1)/(-2). Let v(g) be the second derivative of g**5/20 + g**4/4 - g**3/3 - g**2/2 + 36*g + 22. What is v(m)?
-9
Let d(x) = -2*x + 8*x + 11*x - 20 - 28*x + 9*x. Give d(-5).
-10
Let f(z) = z**3 + 6*z**2 - 7*z - 9. Let b = 188 - 429. Let r = 234 + b. What is f(r)?
-9
Let i = 1988 + -1984. Let o(j) = -j**3 + 2*j**2 - 3*j + 32. Give o(i).
-12
Let s(d) be the third derivative of d**8/20160 - d**7/560 + 11*d**6/720 - 13*d**5/15 - 3*d**2 + 6. Let v(a) be the third derivative of s(a). Give v(10).
21
Let q(c) = -2*c + 7. Let u(v) = -2*v**2 - v + 5. Let h = 121 + -121. Let r be u(h). Determine q(r).
-3
Let h(l) = -9*l**2 - 3*l + 1. Let m = -26702 - -26700. What is h(m)?
-29
Let t(m) = -m. Let u(y) = -y**3 + 23*y**2 - 21*y - 14. Let q be u(22). Let w be (-1)/((q + -1)/7). What is t(w)?
1
Let o(n) = 4*n**2 - 2*n + 3. Let y be o(1). Suppose 0 = y*b - 5 - 5. Let r(v) = -1 + b - 2 + 0 + v. Give r(6).
5
Let s be (-9*8/(-60))/(2/15). Let m(w) = w**2 - 8*w - 7. What is m(s)?
2
Let c(k) = -4*k + 80. Let y be c(18). Suppose -3*u = p - 20, -24 + 4 = -4*u. Let f(b) = b**3 + 3 - 9*b**2 + 2 - 9 - p + 10*b. What is f(y)?
7
Suppose 135*z + 305 = 170. Let a(k) = -5*k**3 + 2*k**2 - 1. What is a(z)?
6
Let v(b) be the first derivative of -b**4/4 + 13*b**3 + 83*b**2/2 - 43*b + 2325. Determine v(41).
-2
Let g(a) = 8*a - 5. Suppose -23 = -d - 0*f + 4*f, -d + 5*f = -28. Let l(i) = -15*i + 12. Let z(n) = d*l(n) + 7*g(n). Calculate z(-2).
-21
Let d(f) be the second derivative of -f**4/12 + 5*f**3/3 + f**2 - 3*f. Let s be 5/1 - (-21 - -19). Give d(s).
23
Let v(o) = -9*o - 25*o + 31*o - o**2 - 21. Determine v(-6)